ctor of 8 and h?
1
Let t be (-44*5)/((-3)/6). Calculate the highest common factor of t and 40.
40
Let d(j) = -99*j**2. Let v be d(1). Let u = 147 + v. Calculate the highest common factor of u and 16.
16
Let t be -2 + 2 + (3 - -1). Let m(n) = -n**3 + 9*n**2 - 7*n - 8. Let o be m(8). Suppose -t*g - g + 15 = o. What is the greatest common divisor of 33 and g?
3
Suppose 4*m - 44 = -4*d, -4*m + 22 = 5*d - 21. Calculate the greatest common factor of m and 18.
6
Let m(w) = -w**3 + 4*w**2 + 7*w - 6. Let o be m(4). Suppose -5*h - 29 = -4*a, 3*a + 0*h - o = 4*h. What is the highest common factor of 6 and a?
6
Suppose 8 = 4*v - 24. Let q(j) = 16*j + 7. Let g be q(v). What is the highest common divisor of g and 15?
15
Let r = 37 - 26. Suppose -1 = x - r. What is the greatest common factor of x and 80?
10
Let b = -11 - -9. Let z = 13 + b. What is the greatest common divisor of z and 99?
11
Let p(o) = -o**3 + 5*o**2 + 3*o - 12. Let s be p(5). Calculate the highest common divisor of 3 and s.
3
Let b = -2 + 57. Let q be (-34)/(-3) - (-1)/(-3). Calculate the highest common divisor of b and q.
11
Let u be (21 + -3)*2 - -4. Let s(a) = a**3 + 7*a**2 - a + 5. Let c be s(-5). What is the highest common divisor of c and u?
20
Let b(i) = -1 + 0 - 4*i - 6 + i**2. Let g be b(-3). Calculate the highest common divisor of 35 and g.
7
Let c = 15 + -11. Suppose 4*k = -5*x + 15 + 29, x + c = -4*k. What is the greatest common divisor of x and 12?
12
Let d(p) = 5*p + 20. Let n(i) = 3*i + 13. Let v(s) = -5*d(s) + 8*n(s). Let x be v(-8). Calculate the greatest common divisor of 12 and x.
12
Let j be 12*3/9*1. Suppose 0 = -4*v - 4*m + 12, 0 = -0*m + j*m - 4. Let l be v/4 + (-60)/(-8). What is the greatest common factor of 20 and l?
4
Suppose 0 = -m - 4*m + 20. What is the greatest common factor of m and 1?
1
Let h = 25 - 15. Suppose 0 = h*x - 13*x + 99. Calculate the highest common factor of x and 3.
3
Let g = 44 + 16. What is the highest common factor of g and 12?
12
Let c be (81/6)/(2/4). Let q = c - 13. Let a be 3 - (-2)/4*-2. Calculate the highest common divisor of q and a.
2
Let n(w) = -4 - 2*w**2 + 3*w**2 + w + 0*w**2. Let r be n(-3). What is the highest common divisor of 3 and r?
1
Let g(w) = -w**2 - 19*w + 14. Let y be g(-10). What is the highest common factor of 13 and y?
13
Let u = 97 - 1. Suppose -2*c - 75 - 21 = 0. Let s = c + u. What is the greatest common divisor of s and 12?
12
Let x = -130 + 133. Let s = 8 + 1. What is the greatest common factor of x and s?
3
Suppose 5*n = 0, -2*i + 2*n = 3*n - 10. Let p be (-2)/3 - i/(-3). Let a be (2 - p)/1 + 11. Calculate the greatest common divisor of 12 and a.
12
Let l(q) = -2*q + 4. Suppose 0 = p - 0*p + 7. Let j be l(p). What is the greatest common divisor of j and 27?
9
Suppose -9*r + 3*u + 183 = -7*r, 5*r - 451 = u. What is the greatest common divisor of r and 36?
18
Suppose -18*s = -21*s + 24. Suppose 0 = 2*w - 6 + 2. Suppose -5*o - w - s = 0, -261 = -3*h + 3*o. Calculate the highest common factor of 17 and h.
17
Let m = 0 - -4. Let b(j) = 2*j**2 + 3*j - 3. Let l be b(-5). Let z = -16 + l. Calculate the highest common factor of m and z.
4
Let c be (2 - 5/3)*51. Let o be c + 0 + 3 + 0. What is the highest common factor of 50 and o?
10
Let f be (-5)/(4/12 - (-56)/(-150)). What is the greatest common factor of f and 25?
25
Suppose -18 = 3*a - 90. Calculate the highest common divisor of a and 60.
12
Suppose 11 = 4*y - 1. Suppose 2 + 14 = -n - 2*f, 0 = -2*n + y*f - 32. Let t be n*((-14)/4 + -2). Calculate the highest common divisor of t and 8.
8
Let w = 0 - -10. What is the greatest common factor of 90 and w?
10
Let p be 120/((-3)/12*-4). What is the highest common divisor of p and 24?
24
Let m be ((-2)/4)/((-2)/28). Let k(q) = 15*q**2 + q + 1. Let l be k(2). Suppose 0*g = -g + l. Calculate the highest common divisor of g and m.
7
Let t be (-35 - -40)*17/5. Let l = -5 - -158. Calculate the greatest common divisor of l and t.
17
Let u = 17 - 14. Let y = u + 2. Let z = 5 + 50. What is the greatest common factor of z and y?
5
Suppose 27*a = 31*a - 60. Calculate the greatest common factor of a and 15.
15
Let n be ((-8)/10)/(1/(-10)). Calculate the greatest common factor of n and 16.
8
Suppose 3*d + 13 - 3 = -2*g, -5*d + 3*g = -15. Suppose 3*s = -n + 8, d*n = -5*n - s + 26. What is the highest common factor of 1 and n?
1
Let o(b) = b**2 + 2*b - 3. Let t be o(-9). Suppose -8*n = -3*n - t. Let l be 0 + 0/1 + 18. Calculate the highest common factor of n and l.
6
Let z be (1/(-2) - -1)/(72/8064). Calculate the greatest common divisor of z and 14.
14
Let r(z) = 29*z - 2. Let s be r(1). What is the highest common factor of 18 and s?
9
Let f(x) = -x**3 - 11*x**2 - x + 3. Suppose -n = 3*n + 616. Let j be ((-2)/(-4))/(7/n). Let k be f(j). What is the highest common factor of k and 7?
7
Suppose -w - 4 = -16. Let c = 5 - 1. Suppose -38 = -c*b + 5*q, -3*b + q - 2*q + 38 = 0. What is the greatest common divisor of w and b?
12
Suppose 60 = 7*m - 3*m. Let v = m + -9. Calculate the greatest common divisor of v and 18.
6
Let t be ((-1)/(-3) - 0)*39. What is the highest common divisor of 26 and t?
13
Let f(v) = -v**2 - 7*v + 6. Let w be f(-5). Suppose -2*s - 5*z = -w, 3*s - z - 22 = 2*s. Let l = -14 - -41. What is the greatest common divisor of l and s?
9
Let v = -16 - -49. Let n = -4 - -4. Suppose -y + 2 + v = n. Calculate the greatest common divisor of 14 and y.
7
Let d(n) = -4*n - 5. Let f be d(3). Let h = f + 19. Calculate the greatest common factor of 5 and h.
1
Let y = -82 + 170. Suppose 0 = -4*j - j + 55. Calculate the greatest common divisor of y and j.
11
Suppose 0 = -5*v + 189 + 506. Suppose -4*u = -391 + v. Suppose 0*o = -3*r - 3*o + u, -2*o = -r + 9. Calculate the highest common factor of 17 and r.
17
Let f(a) = -4*a - 10. Let r(k) = 5*k + 10. Let w(o) = 3*f(o) + 2*r(o). Let p be w(-7). Let z = 70 - 42. What is the highest common factor of p and z?
4
Let m = -46 + 54. Calculate the greatest common divisor of m and 2.
2
Let j be 4/(2 - 0) - -1. Suppose 1 + j = 2*a. Calculate the greatest common factor of 5 and a.
1
Let o(h) = 0*h**2 - 3 + 5*h + 0*h**2 + h**2. Let b be o(-5). Let g be b/(-6) - (-117)/6. What is the highest common divisor of g and 4?
4
Let w be (-108)/21*42/(-4). Suppose -41 = -3*i + 67. What is the greatest common factor of i and w?
18
Let l(a) = -a + 7. Let d be l(5). Let h be -1 + (0/d - -7). Suppose 4*p - 4*i - 276 = -0*i, 3*p = 4*i + 210. What is the highest common divisor of h and p?
6
Let p = 26 - 16. Let s(o) = o**3 - 4*o**2 - 6*o + 5. Let t be s(7). What is the highest common divisor of p and t?
10
Let h be 22/(-4)*(-1 - -7). Let q = -21 - h. What is the highest common factor of 18 and q?
6
Let l(h) = -h**3 + 5*h**2 - 3*h - 1. Let j = 1 - -3. Let t be l(j). Suppose 0 = -t*u - 0*u + 30. Calculate the highest common divisor of u and 20.
10
Let n = -9 + 14. Suppose -n*b + 9 = -16. What is the greatest common factor of 40 and b?
5
Let s be 1/(3*(-5)/(-285)). Calculate the highest common divisor of 209 and s.
19
Suppose 4*n - n - 3 = 3*x, -7 = 4*x - 5*n. Suppose x*k = 6 + 120. Calculate the greatest common factor of k and 9.
9
Let z(o) = -o**2 + 9*o + 1. Let j be z(9). Let k be (-5 + (j - -2))*-72. Calculate the highest common divisor of k and 18.
18
Let v(y) = 3*y**2 + 2*y + 2. Let g be v(-2). Calculate the highest common divisor of g and 70.
10
Let n(b) = b**2 - 5*b - 10. Let p be n(8). Suppose 3*v + p = m, 0*m - 2*v - 26 = -4*m. Let j be 6/m*(1 - -4). Calculate the greatest common factor of j and 6.
6
Suppose 0 = d + 5*p - 21, -3*p + 20 = 2*d - 4*p. Let i be 41 - (-1 - 1) - -1. What is the greatest common divisor of i and d?
11
Let x = 9 - 7. Calculate the highest common factor of x and 8.
2
Let y(n) = -n**2 + 10*n + 4. Let r be y(8). What is the highest common divisor of r and 180?
20
Suppose 0*l - 2 = -l. Suppose -2 = -0*d + 4*d + 2*c, 0 = 3*d + c + l. Let y be d/(2 + (-63)/30). What is the greatest common divisor of 40 and y?
10
Let c be (-5 + 11/2)*64. Calculate the highest common divisor of c and 80.
16
Let w be (-24*1)/(4 - (-22)/(-4)). What is the greatest common factor of 112 and w?
16
Suppose 0 = -16*z + 10*z + 114. Let i be (11/(-3))/((-1)/(-3)). Let w = z + i. Calculate the greatest common divisor of